1c6a1 (base 14) in base 10?
72661
122210211 (base 3) to base 8
31266
-21212011 (base 3) to base 5
-140403
What is 12333013 (base 4) in base 14?
a5dd
Convert 4440 (base 5) to base 14.
324
Convert 60123 (base 9) to base 4.
21220230
What is 77a (base 11) in base 14?
4aa
-9c6 (base 14) to base 13
-b61
Convert 23112 (base 5) to base 7.
4555
What is 345 (base 6) in base 5?
1022
c9ba (base 16) to base 11
35888
-753 (base 8) to base 9
-605
662 (base 11) to base 6
3402
Convert 1000001110001 (base 2) to base 16.
1071
102350 (base 7) to base 11
12309
4756 (base 10) to base 6
34004
What is -10949 (base 11) in base 13?
-7251
Convert 2314 (base 5) to base 14.
19c
Convert -22243 (base 5) to base 16.
-625
Convert -458 (base 12) to base 13.
-3a7
Convert 1132 (base 5) to base 3.
20012
-211201011 (base 3) to base 11
-11490
What is 88541 (base 9) in base 11?
40170
What is 123232 (base 5) in base 11?
368a
Convert -312331 (base 4) to base 2.
-110110111101
Convert 16202 (base 8) to base 7.
30164
What is 2623 (base 16) in base 4?
2120203
Convert -12a33 (base 11) to base 8.
-44165
Convert -e59 (base 15) to base 2.
-110010100010
What is -9a5 (base 11) in base 6?
-5324
What is -242 (base 13) in base 3?
-112112
Convert -15055 (base 9) to base 14.
-3a48
What is 1413102 (base 5) in base 7?
150664
What is 102133102 (base 4) in base 14?
1d854
657 (base 15) to base 12
9b4
What is -657 (base 11) in base 8?
-1424
-35522 (base 9) to base 6
-301545
What is -7536 (base 9) in base 14?
-203b
What is 204 (base 14) in base 8?
614
Convert 5159 (base 14) to base 7.
55542
Convert 1486 (base 11) to base 15.
874
-2001 (base 14) to base 3
-21112022
Convert -10111 (base 3) to base 8.
-136
50130 (base 9) to base 2
1000000010010001
What is -15313 (base 7) in base 12?
-2581
-b81b (base 12) to base 4
-10323113
What is 20010001 (base 3) in base 9?
6101
-1a94 (base 11) to base 2
-101001010100
111f (base 16) to base 2
1000100011111
-353 (base 8) to base 9
-281
212301 (base 4) to base 9
3356
Convert 11010111011 (base 2) to base 5.
23343
-301 (base 7) to base 16
-94
What is -1120 (base 7) in base 9?
-501
430310 (base 7) to base 11
51045
What is -280aa (base 11) in base 16?
-9c72
What is 286a (base 11) in base 7?
13543
Convert -675 (base 8) to base 5.
-3240
Convert 121101022 (base 3) to base 5.
340232
-b872 (base 13) to base 12
-129a4
What is 36616 (base 7) in base 2?
10010101100000
Convert -12020011 (base 3) to base 16.
-ee3
What is 21112022 (base 3) in base 7?
22001
Convert -5666 (base 14) to base 4.
-3222022
What is 1dd (base 14) in base 2?
110000111
What is -40430 (base 7) in base 12?
-5825
-344562 (base 7) to base 5
-3433221
55b (base 12) to base 16
317
What is 3122121 (base 4) in base 10?
13977
What is 130515 (base 6) in base 16?
2e4f
Convert 23c (base 15) to base 4.
13323
What is 8786 (base 13) in base 16?
49b5
-13202 (base 4) to base 9
-585
Convert 61d8 (base 15) to base 3.
1001100212
Convert 38 (base 10) to base 2.
100110
What is -10001101010 (base 2) in base 6?
-5122
What is 1000011010 (base 2) in base 6?
2254
What is 2c0 (base 13) in base 14?
274
Convert -5d7 (base 14) to base 2.
-10010010001
Convert -62a3 (base 14) to base 5.
-1020444
114367 (base 9) to base 16
10cde
-46223 (base 8) to base 14
-7203
What is -39560 (base 11) in base 14?
-1688d
Convert -1608 (base 11) to base 7.
-6010
86b9 (base 12) to base 3
202100020
What is 2a95 (base 13) in base 10?
6206
Convert -1b9 (base 13) to base 5.
-2241
What is 2023303 (base 4) in base 12?
5217
Convert -5330 (base 6) to base 12.
-846
What is 4ce (base 16) in base 3?
1200120
Convert -74273 (base 8) to base 12.
-15a77
What is -950 (base 13) in base 5?
-22321
What is -111001000 (base 2) in base 3?
-121220
Convert 732 (base 12) to base 6.
4502
Convert 437 (base 8) to base 13.
191
What is 548 (base 11) in base 8?
1221
What is -aa2 (base 12) in base 2?
-11000011010
-120112 (base 3) to base 5
-3134
1911 (base 10) to base 13
b40
What is -1443 (base 7) in base 3?
-210010
Convert -1481 (base 11) to base 13.
-b36
Convert -17877 (base 9) to base 8.
-30136
What is -2201210 (base 3) in base 7?
-5544
-a8b3 (base 13) to base 4
-11232230
Convert b34 (base 16) to base 11.
2178
630 (base 8) to base 10
408
Convert 100111011011010 (base 2) to base 12.
b822
Convert 10 (base 8) to base 9.
8
-6465 (base 11) to base 5
-233131
221012 (base 4) to base 9
3542
b0a (base 15) to base 8
4665
Convert -323 (base 13) to base 10.
-536
What is 100236 (base 7) in base 8?
41044
Convert -c1b0 (base 16) to base 4.
-30012300
-136513 (base 7) to base 12
-13297
Convert 21000 (base 5) to base 4.
111133
117 (base 16) to base 4
10113
Convert -1010011110101100 (base 2) to base 12.
-20a10
34422 (base 6) to base 14
1b0a
What is 18a2 (base 13) in base 14?
14ad
Convert -aea (base 16) to base 10.
-2794
What is -1b3 (base 16) in base 9?
-533
What is 532 (base 11) in base 14?
33a
201111120 (base 3) to base 2
11011110001001
What is -107 (base 11) in base 16?
-80
Convert 10013 (base 4) to base 14.
14b
What is 128 (base 16) in base 13?
19a
Convert -1738 (base 12) to base 13.
-135b
-42121 (base 7) to base 3
-112012111
Convert 4c7 (base 13) to base 16.
347
What is 11012221 (base 3) in base 7?
11653
-575 (base 9) to base 4
-13121
-486 (base 10) to base 13
-2b5
Convert -2788 (base 16) to base 10.
-10120
What is 134 (base 9) in base 12?
94
What is 676 (base 12) in base 11?
798
Convert 1968 (base 11) to base 3.
10102101
Convert -1649 (base 11) to base 9.
-2804
What is -106cc (base 13) in base 12?
-15267
222101 (base 3) to base 12
4b4
What is -1e95 (base 15) in base 2?
-1101000001001
77b6 (base 14) to base 6
240004
Convert -41088 (base 11) to base 13.
-213c9
What is -55 (base 11) in base 7?
-114
Convert 11426 (base 7) to base 6.
21412
Convert 3502 (base 6) to base 5.
11310
-1c0b (base 15) to base 12
-3632
Convert 1073 (base 10) to base 4.
100301
Convert -42133 (base 5) to base 10.
-2793
Convert 42a (base 11) to base 5.
4031
What is 1120202222 (base 3) in base 8?
74720
What is 6f1 (base 16) in base 2?
11011110001
What is 1bb8 (base 16) in base 12?
4134
What is -10 (base 13) in base 15?
-d
-4322404 (base 5) to base 4
-101330013
503 (base 6) to base 14
d1
-4064 (base 12) to base 6
-52204
Convert -62543 (base 8) to base 11.
-18556
Convert 3208 (base 13) to base 3.
100111221
Convert 2211 (base 6) to base 16.
1ff
What is 59b (base 14) in base 6?
5101
Convert -4014 (base 5) to base 3.
-200212
Convert 3f3 (base 16) to base 5.
13021
Convert -16446 (base 8) to base 12.
-439a
Convert -e729 (base 15) to base 7.
-262314
Convert -1307 (base 8) to base 5.
-10321
Convert -1364 (base 11) to base 12.
-1030
Convert -11d (base 16) to base 14.
-165
Convert 9493 (base 15) to base 11.
21668
Convert -11001010111 (base 2) to base 4.
-121113
What is 45202 (base 6) in base 16?
18c2
3333 (base 7) to base 13
714
2773 (base 8) to base 6
11031
-4117 (base 13) to base 3
-110022111
Convert -322 (base 10) to base 16.
-142
What is -11 (base 10) in base 13?
-b
Convert -7946 (base 12) to base 2.
-11010010000110
Convert -1001100011 (base 2) to base 15.
-2ab
-2022 (base 9) to base 8
-2706
What is -10222202212 (base 3) in base 5?
-10003231
Convert 42240 (base 6) to base 11.
4323
What is 31300 (base 4) in base 10?
880
-63bd (base 15) to base 14
-7995
-203123 (base 5) to base 10
-6663
Convert -20524 (base 14) to base 6.
-1400220
101100101 (base 2) to base 11
2a5
101013 (base 4) to base 10
1095
Convert 615 (base 8) to base 5.
3042
What is -1002120000 (base 3) in base 8?
-52052
1314 (base 5) to base 13
131
What is -100001100 (base 2) in base 6?
-1124
What is 105 (base 8) in base 7?
126
What is 901 (base 12) in base 14?
689
Convert -2267 (base 10) to base 5.
-33032
Convert -224b (base 16) to base 9.
-13034
What is 559 (base 13) in base 11?
766
-1001014 (base 5) to base 4
-3312033
What is -14c28 (base 13) in base 11?
-27679
What is -101200012 (base 3) in base 7?
-31454
-1221221 (base 3) to base 2
-10110010101
What is 58aa (base 13) in base 16?
30bd
What is -2f (base 16) in base 14?
-35
33127 (base 8) to base 10
13911
31105 (base 7) to base 6
55104
What is -1011000001011101 (base 2) in base 14?
-1264d
What is -2012211021 (base 3) in base 2?
-1010101001011100
-4984 (base 16) to base 14
-6c04
What is 110 (base 4) in base 9?
22
Convert 1410 (base 6) to ba